{"id":5,"date":"2020-11-03T19:30:28","date_gmt":"2020-11-03T19:30:28","guid":{"rendered":"https:\/\/www.soroptimist.nl\/breda\/?page_id=5"},"modified":"2024-10-03T11:01:44","modified_gmt":"2024-10-03T09:01:44","slug":"home","status":"publish","type":"page","link":"https:\/\/www.soroptimist.nl\/breda\/","title":{"rendered":"Home"},"content":{"rendered":"<header id=\"page-header-block_e1cd72b729dbc9eb1dddaca67e4931f1\" class=\"wp-block-page-header alignfull bg-yellow alignfull\">\n\t<div class=\"content container\">\n\t\t\t\t<div class=\"holder\">\n\t\t\t<div class=\"col-12 col-md-8\">\n\n\t\t\t\t<h2><h1>Van harte welkom op de pagina van de Soroptimistclub Breda<\/h1><\/h2>\n\t\t\t\t<a class=\"page-header-button btn yellow-btn icon-btn p-mt-2\" href=\"#profiel\" target=\"_self\">Ons profiel<\/a><a class=\"page-header-button btn blue-btn icon-btn p-mt-2\" href=\"https:\/\/www.soroptimist.nl\/breda\/projecten\/\" target=\"_self\">Onze projecten<\/a><a class=\"page-header-button btn black-btn icon-btn p-mt-2\" href=\"https:\/\/www.soroptimist.nl\/breda\/nieuws\/\" target=\"_self\">Ons nieuws<\/a>\t\t\t<\/div>\n\t\t<\/div>\n\t<\/div>\n<\/header>\n\n\n\n\n<section id=\"text-with-image-block_8411fdee97b8ba712dbac880e4409cc8\" class=\"wp-block-text-with-image  alignfull\">\n\t<div class=\"container\">\n\t\t<div class=\"row position-relative default-order\">\n\t\t\t<div class=\"col-12 col-md-6 text-column\">\n\t\t\t\t<div class=\"text  \">\n\t\t\t\t\t<h2 class=\"text-with-image-title title-color-primary\">Breda<\/h2><div class=\"text-with-image-content\"><div class=\"kvgmc6g5 cxmmr5t8 oygrvhab hcukyx3x c1et5uql ii04i59q\">\n<p>Soroptimist Club Breda gaat zich in 2024 voor de 4de keer op rij inzetten voor de Orange the World campagne (OTW), om aandacht te vragen voor het probleem van geweld tegen vrouwen. Deze campagne duurt van 25 november tot en met 10 december.<\/p>\n<p>Op de eerste dag van de campagne (25 november 2024) geeft Soroptimist Club Breda in samenspraak met de Gemeente Breda, Zonta Breda en VVAO Breda de aftrap van OTW.<\/p>\n<p>Symbool voor de openingshandeling zal dit jaar de onthulling zijn van een Orange the World Social Sofa, een moza\u00efekbank, die door de leden van Soroptimist Club Breda gemaakt is. Deze bank komt te staan aan het toegangspad naar de hoofdingang van het Amphia Ziekenhuis in Breda. De activiteit vindt plaats om 15.30 uur. Ge\u00efnteresseerden zijn van harte welkom hierbij aanwezig te zijn.<\/p>\n<p><img loading=\"lazy\" decoding=\"async\" class=\"alignnone  wp-image-459\" src=\"https:\/\/www.soroptimist.nl\/breda\/wp-content\/uploads\/sites\/91\/2024\/10\/IMG-20240506-WA0015detail-ss-in-wording--300x258.jpg\" alt=\"\" width=\"331\" height=\"285\" srcset=\"https:\/\/www.soroptimist.nl\/breda\/wp-content\/uploads\/sites\/91\/2024\/10\/IMG-20240506-WA0015detail-ss-in-wording--300x258.jpg 300w, https:\/\/www.soroptimist.nl\/breda\/wp-content\/uploads\/sites\/91\/2024\/10\/IMG-20240506-WA0015detail-ss-in-wording--1024x881.jpg 1024w, https:\/\/www.soroptimist.nl\/breda\/wp-content\/uploads\/sites\/91\/2024\/10\/IMG-20240506-WA0015detail-ss-in-wording--768x661.jpg 768w, https:\/\/www.soroptimist.nl\/breda\/wp-content\/uploads\/sites\/91\/2024\/10\/IMG-20240506-WA0015detail-ss-in-wording--200x172.jpg 200w, https:\/\/www.soroptimist.nl\/breda\/wp-content\/uploads\/sites\/91\/2024\/10\/IMG-20240506-WA0015detail-ss-in-wording--800x688.jpg 800w, https:\/\/www.soroptimist.nl\/breda\/wp-content\/uploads\/sites\/91\/2024\/10\/IMG-20240506-WA0015detail-ss-in-wording--600x516.jpg 600w, https:\/\/www.soroptimist.nl\/breda\/wp-content\/uploads\/sites\/91\/2024\/10\/IMG-20240506-WA0015detail-ss-in-wording-.jpg 1190w\" sizes=\"auto, (max-width: 331px) 100vw, 331px\" \/><\/p>\n<p>Daarnaast zal die avond de Grote Kerk oranje verlicht worden, net als bijvoorbeeld het Operahouse in Sydney.<\/p>\n<p>Ook zijn er Bredase scholen die hun gebouw dan oranje aanlichten.<\/p>\n<p>De scholen worden steeds meer betrokken bij het evenement, door middel van een dag-openings-filmpje voor de leerlingen, een les over het thema \u2018Stop geweld tegen vrouwen\u2019, het uithangen van de OTW-vlag, een posteractie met foto\u2019s van leerlingen en docenten die \u2018Medestander\u2019 zijn, die vervolgens verspreid worden via social media. Studenten van BUas, Breda University of Applied Sciences, organiseren voor hun medestudenten een event rondom het thema OTW.<\/p>\n<\/div>\n<div class=\"buttons\"><a class=\"text-with-image-button btn yellow-btn icon-btn p-mt-2\" href=\"mailto:breda@soroptimist.nl\" target=\"_self\">Vragen? Mail ons<\/a><\/div><\/div>\t\t\t\t<\/div>\n\t\t\t<\/div>\n\t\t\t\t\t\t<div class=\"d-none d-md-block col-12 col-md-6 image-column shadow-primary wow fadeIn\" data-wow-duration=\"1.0s\" data-wow-delay=\"0s\" data-wow-offset=\"150\"  style=\"background-image: url(https:\/\/www.soroptimist.nl\/breda\/wp-content\/uploads\/sites\/91\/2023\/02\/grote_kerk_breda-min.jpg); background-repeat: no-repeat; background-size: cover; background-color: #fff;\" >\n\t\t\t\t\t\t\t<\/div>\n\t\t<\/div>\n\t<\/div>\n<\/section>\n\n\n\n<div class=\"wp-block-cover alignfull is-light\" style=\"min-height:400px;aspect-ratio:unset;\"><span aria-hidden=\"true\" class=\"wp-block-cover__background has-background-dim-100 has-background-dim\" style=\"background-color:#ffc306\"><\/span><div class=\"wp-block-cover__inner-container is-layout-flow wp-block-cover-is-layout-flow\">\n<a name=\"profiel\"><\/a>\n\n\n<div class=\"wp-bootstrap-blocks-container container mb-2\">\n\t\n\n<div style=\"height:60px\" aria-hidden=\"true\" class=\"wp-block-spacer\"><\/div>\n\n\n\n<div class=\"wp-block-columns is-layout-flex wp-container-core-columns-is-layout-9d6595d7 wp-block-columns-is-layout-flex\">\n<div class=\"wp-block-column is-layout-flow wp-block-column-is-layout-flow\">\n<h2 class=\"wp-block-heading has-white-color has-text-color\">Tijdens onze maandelijkse bijeenkomst hebben we een interessante spreker of een activiteit samen. Doel is elkaar versterken en inspireren!<\/h2>\n\n\n\n<div style=\"height:50px\" aria-hidden=\"true\" class=\"wp-block-spacer\"><\/div>\n\n\n<div class=\"prode-cta\"><a href=\"https:\/\/www.soroptimist.nl\/lid-worden\/\">Lid worden?<\/a><\/div>\n<\/div>\n\n\n\n<div class=\"wp-block-column is-layout-flow wp-block-column-is-layout-flow\" style=\"flex-basis:5%\"><\/div>\n\n\n\n<div class=\"wp-block-column is-layout-flow wp-block-column-is-layout-flow\">\n<p class=\"has-black-color has-text-color\"><strong>Ons profiel<\/strong><\/p>\n\n\n\n<p class=\"has-black-color has-text-color\">Club Breda is de 22ste club van Nederland en de eerste club in het zuiden. Club Breda heeft 27 leden uit de regio: onze leden komen uit Breda maar ook uit Zundert, Tilburg, Chaam en Belgi\u00eb. De club komt \u00e9\u00e9n keer per maand bij elkaar. Dan vergaderen we kort en hebben we doorgaans een interessante spreker of een activiteit samen. Doel is elkaar versterken en inspireren!<\/p>\n\n\n\n<p class=\"has-black-color has-text-color\">Onze friendship-links zijn: Central &amp; South-West Londen en Kolding Denmark. Onze next door club is Antwerpen. Verder is een mooie traditie ontstaan om de Clubbijeenkomst in December met als thema Rechten van de Mens, gezamenlijk te houden met onze zusterclubs in Roosendaal en Bergen op Zoom.<\/p>\n\n\n\n<p><\/p>\n<\/div>\n<\/div>\n\n<\/div>\n\n\n\n<p class=\"has-text-align-center has-large-font-size\"><\/p>\n<\/div><\/div>\n\n\n\n<div style=\"height:50px\" aria-hidden=\"true\" class=\"wp-block-spacer\"><\/div>\n\n\n\n<div class=\"wp-block-columns is-layout-flex wp-container-core-columns-is-layout-9d6595d7 wp-block-columns-is-layout-flex\">\n<div class=\"wp-block-column is-layout-flow wp-block-column-is-layout-flow\"><\/div>\n\n\n\n<div class=\"wp-block-column is-layout-flow wp-block-column-is-layout-flow\" style=\"flex-basis:65%\">\n<h2 class=\"wp-block-heading has-text-align-center\">Club Breda zoekt nog nieuwe enthousiaste leden<\/h2>\n\n\n\n<p class=\"has-text-align-center\">We zoeken nieuwe leden om de club te versterken. Ben je werkzaam in een beroep, heb je interesse in de wereld om je heen en zocht je altijd al naar een club waar je een bijdrage kunt leveren aan de positie van vrouwen en kinderen? Neem contact met ons op voor een (aan beide zijden) vrijblijvende kennismaking. Kom eens langs op een van onze activiteiten.<\/p>\n\n\n\n<p class=\"has-text-align-center\"><div class=\"prode-cta position-center\"><a href=\"mailto:breda@soroptimist.nl\">Mail ons voor meer info<\/a><\/div><\/p>\n<\/div>\n\n\n\n<div class=\"wp-block-column is-layout-flow wp-block-column-is-layout-flow\">\n<p><\/p>\n<\/div>\n<\/div>\n\n\n\n<hr class=\"wp-block-separator has-css-opacity\" \/>\n\n\n\n<h2 class=\"wp-block-heading\">Nieuws en acties<\/h2>\n\n\n\n<div class=\"wp-block-columns is-layout-flex wp-container-core-columns-is-layout-9d6595d7 wp-block-columns-is-layout-flex\">\n<div class=\"wp-block-column is-layout-flow wp-block-column-is-layout-flow\">\n<h3 class=\"wp-block-heading\">TREES FOR LIFE 2023<\/h3>\n\n\n\n<p>Club Breda zet zich in voor het landelijk project 100xTrees4Life in kader van 100 jaar Soroptimisme &#8211; Soroptimist Unie<\/p>\n\n\n\n<p><a href=\"https:\/\/www.soroptimist.nl\/projects-local\/100xtrees4life\/\">https:\/\/www.soroptimist.nl\/projects-local\/100xtrees4life\/<\/a><\/p>\n\n\n\n<p>&nbsp;<\/p>\n<\/div>\n\n\n\n<div class=\"wp-block-column is-layout-flow wp-block-column-is-layout-flow\" style=\"flex-basis:5%\"><\/div>\n\n\n\n<div class=\"wp-block-column is-layout-flow wp-block-column-is-layout-flow\">\n<h3 class=\"wp-block-heading\">Terugblik &#8211; Orange the World 2021 &#8211; heden<\/h3>\n\n\n\n<p>In samenwerking met Zonta Breda, VVAO Breda en de gemeente Breda kunnen wij een mooie invulling geven aan de periode van Orange the World die duurt van 25 november tot 10 december (Dag van de Rechten van de Mens. Inmiddels zal dit in 2024 voor de vierde keer georganiseerd worden in Breda. De gemeente heeft behoorlijk wat financi\u00eble\u00a0support gegeven waar we heel blij mee zijn. Er kan daarmee veel georganiseerd worden, te beginnen met de openingsbijeenkomsten.<\/p>\n\n\n\n<p>Die vond in 2023 plaats op 25 november in de Nieuwe Veste, evenals het jaar ervoor. De bijeenkomst werd in dat jaar geopend met een Spoken Word van Carmen Verduyn, een panel van betrokkenen ging in gesprek met genodigden die ook raakvlakken met het onderwerp hebben. Vervolgens werd de documentaire\u00a0&#8220;Belaagd&#8221; getoond. De documentaire is gemaakt door het landelijk Netwerk Veilig Thuis, en gaat over onveiligheid van vrouwen in de breedste zin van het woord. Het Chass\u00e9-filmhuis heeft de documentaire &#8220;Belaagd&#8221; opgenomen in hun programma en deze wordt op 27 november vertoond. <\/p>\n\n\n\n<p>Bij de afsluiting in 2023 was er een optreden van Muriel Kloek. Daarna kon iedereen met elkaar in gesprek. De betrokkenheid was voelbaar.<\/p>\n\n\n\n<p>Voorafgaand aan de opening delen wij in de stad flyers uit, worden posters opgehangen en maken wij afdrukken van oranje handjes op verschillende plekken in de stad Breda. Voor de posters hebben we in 2023 de medewerking van NAC gekregen, er staan 3 NAC-spelers op.\u00a0En last but not least is het optreden op de Grote Markt door de dames-sambaband\u00a0Maisquenada een traditie geworden.\u00a0<\/p>\n\n\n\n<p>Een mooie periode waar telkens in onze evaluaties bekeken wordt wat er nog meer en\/of anders kan. Target point voor de komende jaren is het middelbaar\u00a0onderwijs, HBO en de Universiteiten om Orange the World steeds meer onder de aandacht te brengen.<\/p>\n<\/div>\n<\/div>\n","protected":false},"excerpt":{"rendered":"<p>Club Breda zoekt nog nieuwe enthousiaste leden We zoeken nieuwe leden om de club te versterken. Ben je werkzaam in&#8230; <a href=\"https:\/\/www.soroptimist.nl\/breda\/\" rel=\"bookmark\">lees meer<\/a><\/p>\n","protected":false},"author":7317,"featured_media":0,"parent":0,"menu_order":0,"comment_status":"closed","ping_status":"closed","template":"","meta":{"_acf_changed":false,"inline_featured_image":false,"_coblocks_attr":"","_coblocks_dimensions":"","_coblocks_responsive_height":"","_coblocks_accordion_ie_support":"","footnotes":""},"class_list":["post-5","page","type-page","status-publish","hentry"],"acf":[],"_links":{"self":[{"href":"https:\/\/www.soroptimist.nl\/breda\/wp-json\/wp\/v2\/pages\/5","targetHints":{"allow":["GET"]}}],"collection":[{"href":"https:\/\/www.soroptimist.nl\/breda\/wp-json\/wp\/v2\/pages"}],"about":[{"href":"https:\/\/www.soroptimist.nl\/breda\/wp-json\/wp\/v2\/types\/page"}],"author":[{"embeddable":true,"href":"https:\/\/www.soroptimist.nl\/breda\/wp-json\/wp\/v2\/users\/7317"}],"replies":[{"embeddable":true,"href":"https:\/\/www.soroptimist.nl\/breda\/wp-json\/wp\/v2\/comments?post=5"}],"version-history":[{"count":46,"href":"https:\/\/www.soroptimist.nl\/breda\/wp-json\/wp\/v2\/pages\/5\/revisions"}],"predecessor-version":[{"id":483,"href":"https:\/\/www.soroptimist.nl\/breda\/wp-json\/wp\/v2\/pages\/5\/revisions\/483"}],"wp:attachment":[{"href":"https:\/\/www.soroptimist.nl\/breda\/wp-json\/wp\/v2\/media?parent=5"}],"curies":[{"name":"wp","href":"https:\/\/api.w.org\/{rel}","templated":true}]}}

<header id="page-header-block_e1cd72b729dbc9eb1dddaca67e4931f1" class="wp-block-page-header alignfull bg-yellow alignfull">
	<div class="content container">
				<div class="holder">
			<div class="col-12 col-md-8">

				<h2><h1>Van harte welkom op de pagina van de Soroptimistclub Breda</h1></h2>
				<a class="page-header-button btn yellow-btn icon-btn p-mt-2" href="#profiel" target="_self">Ons profiel</a><a class="page-header-button btn blue-btn icon-btn p-mt-2" href="https://www.soroptimist.nl/breda/projecten/" target="_self">Onze projecten</a><a class="page-header-button btn black-btn icon-btn p-mt-2" href="https://www.soroptimist.nl/breda/nieuws/" target="_self">Ons nieuws</a>			</div>
		</div>
	</div>
</header>




<section id="text-with-image-block_8411fdee97b8ba712dbac880e4409cc8" class="wp-block-text-with-image  alignfull">
	<div class="container">
		<div class="row position-relative default-order">
			<div class="col-12 col-md-6 text-column">
				<div class="text  ">
					<h2 class="text-with-image-title title-color-primary">Breda</h2><div class="text-with-image-content"><div class="kvgmc6g5 cxmmr5t8 oygrvhab hcukyx3x c1et5uql ii04i59q">
<p>Soroptimist Club Breda gaat zich in 2024 voor de 4de keer op rij inzetten voor de Orange the World campagne (OTW), om aandacht te vragen voor het probleem van geweld tegen vrouwen. Deze campagne duurt van 25 november tot en met 10 december.</p>
<p>Op de eerste dag van de campagne (25 november 2024) geeft Soroptimist Club Breda in samenspraak met de Gemeente Breda, Zonta Breda en VVAO Breda de aftrap van OTW.</p>
<p>Symbool voor de openingshandeling zal dit jaar de onthulling zijn van een Orange the World Social Sofa, een mozaïekbank, die door de leden van Soroptimist Club Breda gemaakt is. Deze bank komt te staan aan het toegangspad naar de hoofdingang van het Amphia Ziekenhuis in Breda. De activiteit vindt plaats om 15.30 uur. Geïnteresseerden zijn van harte welkom hierbij aanwezig te zijn.</p>
<p><img loading="lazy" decoding="async" class="alignnone  wp-image-459" src="https://www.soroptimist.nl/breda/wp-content/uploads/sites/91/2024/10/IMG-20240506-WA0015detail-ss-in-wording--300x258.jpg" alt="" width="331" height="285" srcset="https://www.soroptimist.nl/breda/wp-content/uploads/sites/91/2024/10/IMG-20240506-WA0015detail-ss-in-wording--300x258.jpg 300w, https://www.soroptimist.nl/breda/wp-content/uploads/sites/91/2024/10/IMG-20240506-WA0015detail-ss-in-wording--1024x881.jpg 1024w, https://www.soroptimist.nl/breda/wp-content/uploads/sites/91/2024/10/IMG-20240506-WA0015detail-ss-in-wording--768x661.jpg 768w, https://www.soroptimist.nl/breda/wp-content/uploads/sites/91/2024/10/IMG-20240506-WA0015detail-ss-in-wording--200x172.jpg 200w, https://www.soroptimist.nl/breda/wp-content/uploads/sites/91/2024/10/IMG-20240506-WA0015detail-ss-in-wording--800x688.jpg 800w, https://www.soroptimist.nl/breda/wp-content/uploads/sites/91/2024/10/IMG-20240506-WA0015detail-ss-in-wording--600x516.jpg 600w, https://www.soroptimist.nl/breda/wp-content/uploads/sites/91/2024/10/IMG-20240506-WA0015detail-ss-in-wording-.jpg 1190w" sizes="auto, (max-width: 331px) 100vw, 331px" /></p>
<p>Daarnaast zal die avond de Grote Kerk oranje verlicht worden, net als bijvoorbeeld het Operahouse in Sydney.</p>
<p>Ook zijn er Bredase scholen die hun gebouw dan oranje aanlichten.</p>
<p>De scholen worden steeds meer betrokken bij het evenement, door middel van een dag-openings-filmpje voor de leerlingen, een les over het thema ‘Stop geweld tegen vrouwen’, het uithangen van de OTW-vlag, een posteractie met foto’s van leerlingen en docenten die ‘Medestander’ zijn, die vervolgens verspreid worden via social media. Studenten van BUas, Breda University of Applied Sciences, organiseren voor hun medestudenten een event rondom het thema OTW.</p>
</div>
<div class="buttons"><a class="text-with-image-button btn yellow-btn icon-btn p-mt-2" href="mailto:breda@soroptimist.nl" target="_self">Vragen? Mail ons</a></div></div>				</div>
			</div>
						<div class="d-none d-md-block col-12 col-md-6 image-column shadow-primary wow fadeIn" data-wow-duration="1.0s" data-wow-delay="0s" data-wow-offset="150"  style="background-image: url(https://www.soroptimist.nl/breda/wp-content/uploads/sites/91/2023/02/grote_kerk_breda-min.jpg); background-repeat: no-repeat; background-size: cover; background-color: #fff;" >
							</div>
		</div>
	</div>
</section>



<div class="wp-block-cover alignfull is-light" style="min-height:400px;aspect-ratio:unset;"><span aria-hidden="true" class="wp-block-cover__background has-background-dim-100 has-background-dim" style="background-color:#ffc306"></span><div class="wp-block-cover__inner-container is-layout-flow wp-block-cover-is-layout-flow">
<a name="profiel"></a>


<div class="wp-bootstrap-blocks-container container mb-2">
	

<div style="height:60px" aria-hidden="true" class="wp-block-spacer"></div>



<div class="wp-block-columns is-layout-flex wp-container-core-columns-is-layout-9d6595d7 wp-block-columns-is-layout-flex">
<div class="wp-block-column is-layout-flow wp-block-column-is-layout-flow">
<h2 class="wp-block-heading has-white-color has-text-color">Tijdens onze maandelijkse bijeenkomst hebben we een interessante spreker of een activiteit samen. Doel is elkaar versterken en inspireren!</h2>



<div style="height:50px" aria-hidden="true" class="wp-block-spacer"></div>


<div class="prode-cta"><a href="https://www.soroptimist.nl/lid-worden/">Lid worden?</a></div>
</div>



<div class="wp-block-column is-layout-flow wp-block-column-is-layout-flow" style="flex-basis:5%"></div>



<div class="wp-block-column is-layout-flow wp-block-column-is-layout-flow">
<p class="has-black-color has-text-color"><strong>Ons profiel</strong></p>



<p class="has-black-color has-text-color">Club Breda is de 22ste club van Nederland en de eerste club in het zuiden. Club Breda heeft 27 leden uit de regio: onze leden komen uit Breda maar ook uit Zundert, Tilburg, Chaam en België. De club komt één keer per maand bij elkaar. Dan vergaderen we kort en hebben we doorgaans een interessante spreker of een activiteit samen. Doel is elkaar versterken en inspireren!</p>



<p class="has-black-color has-text-color">Onze friendship-links zijn: Central &amp; South-West Londen en Kolding Denmark. Onze next door club is Antwerpen. Verder is een mooie traditie ontstaan om de Clubbijeenkomst in December met als thema Rechten van de Mens, gezamenlijk te houden met onze zusterclubs in Roosendaal en Bergen op Zoom.</p>



<p></p>
</div>
</div>

</div>



<p class="has-text-align-center has-large-font-size"></p>
</div></div>



<div style="height:50px" aria-hidden="true" class="wp-block-spacer"></div>



<div class="wp-block-columns is-layout-flex wp-container-core-columns-is-layout-9d6595d7 wp-block-columns-is-layout-flex">
<div class="wp-block-column is-layout-flow wp-block-column-is-layout-flow"></div>



<div class="wp-block-column is-layout-flow wp-block-column-is-layout-flow" style="flex-basis:65%">
<h2 class="wp-block-heading has-text-align-center">Club Breda zoekt nog nieuwe enthousiaste leden</h2>



<p class="has-text-align-center">We zoeken nieuwe leden om de club te versterken. Ben je werkzaam in een beroep, heb je interesse in de wereld om je heen en zocht je altijd al naar een club waar je een bijdrage kunt leveren aan de positie van vrouwen en kinderen? Neem contact met ons op voor een (aan beide zijden) vrijblijvende kennismaking. Kom eens langs op een van onze activiteiten.</p>



<p class="has-text-align-center"><div class="prode-cta position-center"><a href="mailto:breda@soroptimist.nl">Mail ons voor meer info</a></div></p>
</div>



<div class="wp-block-column is-layout-flow wp-block-column-is-layout-flow">
<p></p>
</div>
</div>



<hr class="wp-block-separator has-css-opacity" />



<h2 class="wp-block-heading">Nieuws en acties</h2>



<div class="wp-block-columns is-layout-flex wp-container-core-columns-is-layout-9d6595d7 wp-block-columns-is-layout-flex">
<div class="wp-block-column is-layout-flow wp-block-column-is-layout-flow">
<h3 class="wp-block-heading">TREES FOR LIFE 2023</h3>



<p>Club Breda zet zich in voor het landelijk project 100xTrees4Life in kader van 100 jaar Soroptimisme &#8211; Soroptimist Unie</p>



<p><a href="https://www.soroptimist.nl/projects-local/100xtrees4life/">https://www.soroptimist.nl/projects-local/100xtrees4life/</a></p>



<p>&nbsp;</p>
</div>



<div class="wp-block-column is-layout-flow wp-block-column-is-layout-flow" style="flex-basis:5%"></div>



<div class="wp-block-column is-layout-flow wp-block-column-is-layout-flow">
<h3 class="wp-block-heading">Terugblik &#8211; Orange the World 2021 &#8211; heden</h3>



<p>In samenwerking met Zonta Breda, VVAO Breda en de gemeente Breda kunnen wij een mooie invulling geven aan de periode van Orange the World die duurt van 25 november tot 10 december (Dag van de Rechten van de Mens. Inmiddels zal dit in 2024 voor de vierde keer georganiseerd worden in Breda. De gemeente heeft behoorlijk wat financiële support gegeven waar we heel blij mee zijn. Er kan daarmee veel georganiseerd worden, te beginnen met de openingsbijeenkomsten.</p>



<p>Die vond in 2023 plaats op 25 november in de Nieuwe Veste, evenals het jaar ervoor. De bijeenkomst werd in dat jaar geopend met een Spoken Word van Carmen Verduyn, een panel van betrokkenen ging in gesprek met genodigden die ook raakvlakken met het onderwerp hebben. Vervolgens werd de documentaire &#8220;Belaagd&#8221; getoond. De documentaire is gemaakt door het landelijk Netwerk Veilig Thuis, en gaat over onveiligheid van vrouwen in de breedste zin van het woord. Het Chassé-filmhuis heeft de documentaire &#8220;Belaagd&#8221; opgenomen in hun programma en deze wordt op 27 november vertoond. </p>



<p>Bij de afsluiting in 2023 was er een optreden van Muriel Kloek. Daarna kon iedereen met elkaar in gesprek. De betrokkenheid was voelbaar.</p>



<p>Voorafgaand aan de opening delen wij in de stad flyers uit, worden posters opgehangen en maken wij afdrukken van oranje handjes op verschillende plekken in de stad Breda. Voor de posters hebben we in 2023 de medewerking van NAC gekregen, er staan 3 NAC-spelers op. En last but not least is het optreden op de Grote Markt door de dames-sambaband Maisquenada een traditie geworden. </p>



<p>Een mooie periode waar telkens in onze evaluaties bekeken wordt wat er nog meer en/of anders kan. Target point voor de komende jaren is het middelbaar onderwijs, HBO en de Universiteiten om Orange the World steeds meer onder de aandacht te brengen.</p>
</div>
</div>
