{"id":5,"date":"2020-11-03T19:30:28","date_gmt":"2020-11-03T19:30:28","guid":{"rendered":"https:\/\/www.soroptimist.nl\/de-meierij\/?page_id=5"},"modified":"2025-12-15T19:58:13","modified_gmt":"2025-12-15T18:58:13","slug":"home-2","status":"publish","type":"page","link":"https:\/\/www.soroptimist.nl\/de-meierij\/","title":{"rendered":"Home"},"content":{"rendered":"<header id=\"page-header-block_24effa5eff47b4b62ac66b22158a0352\" class=\"wp-block-page-header alignfull bg-yellow alignfull\">\n\t<div class=\"content container\">\n\t\t\t\t<div class=\"holder\">\n\t\t\t<div class=\"col-12 col-md-8\">\n\n\t\t\t\t<h2><h1>Van harte welkom bij onze Soroptimistclub &#8216;s-Hertogenbosch De Meierij<\/h1><\/h2>\n\t\t\t\t<a class=\"page-header-button btn yellow-btn icon-btn p-mt-2\" href=\"#profiel\" target=\"_self\">Ons profiel<\/a><a class=\"page-header-button btn blue-btn icon-btn p-mt-2\" href=\"https:\/\/www.soroptimist.nl\/de-meierij\/projecten\/\" target=\"_blank\">Onze projecten<\/a><a class=\"page-header-button btn black-btn icon-btn p-mt-2\" href=\"https:\/\/www.soroptimist.nl\/de-meierij\/nieuws\/\" target=\"_blank\">Nieuwsberichten<\/a><a class=\"page-header-button btn white-btn icon-btn p-mt-2\" href=\"https:\/\/www.soroptimist.nl\/de-meierij\/acties\/\" target=\"_self\">Agenda<\/a>\t\t\t<\/div>\n\t\t<\/div>\n\t<\/div>\n<\/header>\n\n\n\n\n<section id=\"text-with-image-block_61128651c38d89fb63af1d0e7f605b58\" class=\"wp-block-text-with-image  alignfull\">\n\t<div class=\"container\">\n\t\t<div class=\"row position-relative default-order\">\n\t\t\t<div class=\"col-12 col-md-6 text-column\">\n\t\t\t\t<div class=\"text padding-top-none padding-bottom-medium\">\n\t\t\t\t\t<h2 class=\"text-with-image-title title-color-primary\"><\/h2><div class=\"text-with-image-content\"><p>Onze club bestaat uit een gezellige groep van ongeveer 25 actieve en betrokken vrouwen uit allerlei vakgebieden. Wij zetten ons samen in om de rechten, de positie en het leven van meisjes en vrouwen te verbeteren, lokaal en internationaal. Daarnaast vinden we onderlinge steun en inspiratie belangrijk.<\/p>\n<p>We staan open voor nieuwe, enthousiaste leden om onze club te versterken. Ben jij een betrokken vakvrouw, die graag een bijdrage levert aan de positie van vrouwen, en deel je graag je kennis en ervaring met anderen? Wil je een keer een bijeenkomst bijwonen en vrijblijvend kennismaken met onze club? Neem dan contact op! Of lees meer over onze activiteiten hieronder en in de nieuwsberichten.<\/p>\n<div class=\"buttons\"><a class=\"text-with-image-button btn yellow-btn icon-btn p-mt-2\" href=\"mailto:meierij@soroptimist.nl\" target=\"_blank\">Mail ons<\/a><\/div><\/div>\t\t\t\t<\/div>\n\t\t\t<\/div>\n\t\t\t\t\t\t<div class=\"d-none d-md-block col-12 col-md-6 image-column shadow-primary wow fadeIn\" data-wow-duration=\"1.0s\" data-wow-delay=\"0s\" data-wow-offset=\"150\"  style=\"background-image: url(https:\/\/www.soroptimist.nl\/de-meierij\/wp-content\/uploads\/sites\/99\/2025\/11\/groep_sept2025.jpg); background-repeat: no-repeat; background-size: cover; background-color: #fff;\" >\n\t\t\t\t\t\t\t<\/div>\n\t\t<\/div>\n\t<\/div>\n<\/section>\n\n\n\n<div class=\"wp-block-cover alignfull is-light mb-0 mt-0\"><span aria-hidden=\"true\" class=\"wp-block-cover__background has-background-dim-100 has-background-dim\" style=\"background-color:#ffc306\"><\/span><div class=\"wp-block-cover__inner-container is-layout-flow wp-block-cover-is-layout-flow\"><div class=\"wp-bootstrap-blocks-container container mb-2\">\n\t\n\n<a name=\"profiel\"><\/a>\n\n\n\n<div class=\"wp-block-columns is-layout-flex wp-container-core-columns-is-layout-9d6595d7 wp-block-columns-is-layout-flex\">\n<div class=\"wp-block-column has-soro-white-color has-text-color has-link-color wp-elements-11aa45653cef9f6f50616bcd40e9269c is-layout-flow wp-block-column-is-layout-flow\">\n<div style=\"height:20px\" aria-hidden=\"true\" class=\"wp-block-spacer\"><\/div>\n\n\n\n<h2 class=\"wp-block-heading has-text-align-left has-white-color has-soro-white-color has-text-color has-link-color wp-elements-e5d5f14597841b14f9f245678cefc6d2\">Samen zetten we ons in om de rechten en het leven van meisjes en vrouwen te verbeteren, lokaal en wereldwijd. En daarnaast inspireren en steunen we elkaar.<\/h2>\n\n\n\n<div style=\"height:40px\" aria-hidden=\"true\" class=\"wp-block-spacer\"><\/div>\n\n\n\n<figure class=\"wp-block-image size-full\"><img loading=\"lazy\" decoding=\"async\" width=\"578\" height=\"382\" src=\"https:\/\/www.soroptimist.nl\/de-meierij\/wp-content\/uploads\/sites\/99\/2025\/03\/Actief2-1.jpg\" alt=\"\" class=\"wp-image-498\" srcset=\"https:\/\/www.soroptimist.nl\/de-meierij\/wp-content\/uploads\/sites\/99\/2025\/03\/Actief2-1.jpg 578w, https:\/\/www.soroptimist.nl\/de-meierij\/wp-content\/uploads\/sites\/99\/2025\/03\/Actief2-1-300x198.jpg 300w, https:\/\/www.soroptimist.nl\/de-meierij\/wp-content\/uploads\/sites\/99\/2025\/03\/Actief2-1-200x132.jpg 200w\" sizes=\"auto, (max-width: 578px) 100vw, 578px\" \/><\/figure>\n\n\n\n<div style=\"height:30px\" aria-hidden=\"true\" class=\"wp-block-spacer\"><\/div>\n\n\n<div class=\"prode-cta\"><a href=\"https:\/\/www.soroptimist.nl\/lid-worden\/\">Meer weten over het lidmaatschap?<\/a><\/div>\n<\/div>\n\n\n\n<div class=\"wp-block-column is-layout-flow wp-block-column-is-layout-flow\" style=\"flex-basis:6%\"><\/div>\n\n\n\n<div class=\"wp-block-column is-layout-flow wp-block-column-is-layout-flow\">\n<p class=\"has-black-color has-text-color\"><strong>Ons profiel<\/strong><\/p>\n\n\n\n<p class=\"is-style-default has-dark-yellow-color has-text-color\">Soroptimistclub \u201cDe Meierij\u201d met leden uit de regio \u00b4s-Hertogenbosch en Oss e.o., werd op 24 september 1983 als 55<sup>e<\/sup> club van de Unie ge\u00efnaugureerd. Na de oprichting van de zelfstandige club Oss in 2005 komen de huidige leden van onze club uit de omgeving van &#8216;s-Hertogenbosch en sinds 2023 heten we ook officieel club &#8216;s-Hertogenbosch De Meierij. Friendshiplinks zijn er met club Brussel-Iris en Cannes.<\/p>\n\n\n\n<p class=\"is-style-default has-dark-yellow-color has-text-color\">De club telt ongeveer 25 leden, van verschillende leeftijden vanaf 35 jaar, werkzaam of werkzaam geweest in verschillende beroepen. Maandelijks (op de 3e dinsdagavond van de maand) komen we bij elkaar op een vaste vergaderlocatie, waarbij we ook samen eten. Naast een korte vergadering over lopende projecten hebben we dan een inhoudelijk programma verzorgd door \u00e9\u00e9n of meer leden of een inspirerende gastspreker. De zomeravondbijeenkomst en de kerstviering zijn vaak bij \u00e9\u00e9n van de leden thuis of worden gecombineerd met een activiteit.<\/p>\n\n\n\n<p class=\"is-style-default has-dark-yellow-color has-text-color\">We zetten ons in voor <a href=\"https:\/\/www.soroptimist.nl\/de-meierij\/projecten\/\" data-type=\"page\" data-id=\"34\">meerdere goede doelen<\/a>. Samen met onze regionale zusterclubs Vught Lumineus en Oss organiseren we jaarlijks rond Internationale Vrouwendag een filmavond met een bijzondere film, waarvan de opbrengst naar een lokaal goed doel gaat. Verder steken we regelmatig gezamenlijk de handen uit de mouwen voor vrijwilligersacties.<\/p>\n\n\n\n<p class=\"has-black-color has-text-color\"><\/p>\n\n\n\n<p><\/p>\n<\/div>\n<\/div>\n\n<\/div>\n\n\n\n<p class=\"has-text-align-center has-large-font-size\"><\/p>\n<\/div><\/div>\n\n\n<section id=\"posts-archive-block_39035df37f864466a0debc47690816bc\" class=\"wp-block-posts-archive\">\r\n\t<div class=\"container\">\r\n\t\t<div class=\"row\">\r\n\t\t\t<div class=\"col-12\"><h2 class=\"posts-archive-title title-color-primary\">Nieuws en activiteiten<\/h2><\/div>\t\t\t\t<div class=\"col-12 col-sm-6 col-md-3\">\r\n\t\t\t\t\t<a class=\"item-wrapper\" href=\"https:\/\/www.soroptimist.nl\/de-meierij\/news-local\/expositie-femicide\/\">\r\n\t\t\t\t\t\t<div class=\"image-wrapper\">\r\n\t\t\t\t\t\t\t\t\t\t\t\t\t<img decoding=\"async\" src=\"https:\/\/www.soroptimist.nl\/de-meierij\/wp-content\/uploads\/sites\/99\/2026\/04\/Expo_Femicide1-scaled.jpeg\" alt=\"\" \/>\r\n\t\t\t\t\t\t\t\t\t\t\t\t<div class=\"title\">\r\n\t\t\t\t\t\t\t\t<span>Expositie Femicide<\/span>\r\n\t\t\t\t\t\t\t\t<ul class=\"post-taxonomies product-single\"><\/ul>\t\t\t\t\t\t\t<\/div>\r\n\t\t\t\t\t\t<\/div>\r\n\t\t\t\t\t\t<div class=\"item-read-more read-more\">\r\n\t\t\t\t\t\t\tBekijken\r\n\t\t\t\t\t\t\t<div class=\"arrow\">\r\n\t\t\t\t\t\t\t\t<i class=\"fas fa-chevron-right\"><\/i>\r\n\t\t\t\t\t\t\t<\/div>\r\n\t\t\t\t\t\t<\/div>\r\n\t\t\t\t\t<\/a>\r\n\r\n\t\t\t\t\t\t\t\t\t<\/div>\r\n\t\t\t\t\t\t\t\t<div class=\"col-12 col-sm-6 col-md-3\">\r\n\t\t\t\t\t<a class=\"item-wrapper\" href=\"https:\/\/www.soroptimist.nl\/de-meierij\/news-local\/versterking-van-de-club\/\">\r\n\t\t\t\t\t\t<div class=\"image-wrapper\">\r\n\t\t\t\t\t\t\t\t\t\t\t\t\t<img decoding=\"async\" src=\"https:\/\/www.soroptimist.nl\/de-meierij\/wp-content\/uploads\/sites\/99\/2026\/02\/IMG_6400-scaled.jpeg\" alt=\"\" \/>\r\n\t\t\t\t\t\t\t\t\t\t\t\t<div class=\"title\">\r\n\t\t\t\t\t\t\t\t<span>Versterking van de club<\/span>\r\n\t\t\t\t\t\t\t\t<ul class=\"post-taxonomies product-single\"><\/ul>\t\t\t\t\t\t\t<\/div>\r\n\t\t\t\t\t\t<\/div>\r\n\t\t\t\t\t\t<div class=\"item-read-more read-more\">\r\n\t\t\t\t\t\t\tBekijken\r\n\t\t\t\t\t\t\t<div class=\"arrow\">\r\n\t\t\t\t\t\t\t\t<i class=\"fas fa-chevron-right\"><\/i>\r\n\t\t\t\t\t\t\t<\/div>\r\n\t\t\t\t\t\t<\/div>\r\n\t\t\t\t\t<\/a>\r\n\r\n\t\t\t\t\t\t\t\t\t<\/div>\r\n\t\t\t\t\t\t\t\t<div class=\"col-12 col-sm-6 col-md-3\">\r\n\t\t\t\t\t<a class=\"item-wrapper\" href=\"https:\/\/www.soroptimist.nl\/de-meierij\/activities-local\/filmavond-internationale-vrouwendag-2026\/\">\r\n\t\t\t\t\t\t<div class=\"image-wrapper\">\r\n\t\t\t\t\t\t\t\t\t\t\t\t\t<img decoding=\"async\" src=\"https:\/\/www.soroptimist.nl\/de-meierij\/wp-content\/uploads\/sites\/99\/2026\/01\/poster_top.jpg\" alt=\"\" \/>\r\n\t\t\t\t\t\t\t\t\t\t\t\t<div class=\"title\">\r\n\t\t\t\t\t\t\t\t<span>Filmavond Internationale Vrouwendag 2026<\/span>\r\n\t\t\t\t\t\t\t\t<ul class=\"post-taxonomies product-single\"><\/ul>\t\t\t\t\t\t\t<\/div>\r\n\t\t\t\t\t\t<\/div>\r\n\t\t\t\t\t\t<div class=\"item-read-more read-more\">\r\n\t\t\t\t\t\t\tBekijken\r\n\t\t\t\t\t\t\t<div class=\"arrow\">\r\n\t\t\t\t\t\t\t\t<i class=\"fas fa-chevron-right\"><\/i>\r\n\t\t\t\t\t\t\t<\/div>\r\n\t\t\t\t\t\t<\/div>\r\n\t\t\t\t\t<\/a>\r\n\r\n\t\t\t\t\t\t\t\t\t<\/div>\r\n\t\t\t\t\t\t\t\t<div class=\"col-12 col-sm-6 col-md-3\">\r\n\t\t\t\t\t<a class=\"item-wrapper\" href=\"https:\/\/www.soroptimist.nl\/de-meierij\/news-local\/bijdrage-uit-kuijpers-fonds-leefmilieu\/\">\r\n\t\t\t\t\t\t<div class=\"image-wrapper\">\r\n\t\t\t\t\t\t\t\t\t\t\t\t\t<img decoding=\"async\" src=\"https:\/\/www.soroptimist.nl\/de-meierij\/wp-content\/uploads\/sites\/99\/2026\/01\/IMG_6358a.jpg\" alt=\"\" \/>\r\n\t\t\t\t\t\t\t\t\t\t\t\t<div class=\"title\">\r\n\t\t\t\t\t\t\t\t<span>Bijdrage uit Kuijpers Fonds Leefmilieu<\/span>\r\n\t\t\t\t\t\t\t\t<ul class=\"post-taxonomies product-single\"><\/ul>\t\t\t\t\t\t\t<\/div>\r\n\t\t\t\t\t\t<\/div>\r\n\t\t\t\t\t\t<div class=\"item-read-more read-more\">\r\n\t\t\t\t\t\t\tBekijken\r\n\t\t\t\t\t\t\t<div class=\"arrow\">\r\n\t\t\t\t\t\t\t\t<i class=\"fas fa-chevron-right\"><\/i>\r\n\t\t\t\t\t\t\t<\/div>\r\n\t\t\t\t\t\t<\/div>\r\n\t\t\t\t\t<\/a>\r\n\r\n\t\t\t\t\t\t\t\t\t<\/div>\r\n\t\t\t\t\t\t\t\t<div class=\"col-12 col-sm-6 col-md-3\">\r\n\t\t\t\t\t<a class=\"item-wrapper\" href=\"https:\/\/www.soroptimist.nl\/de-meierij\/news-local\/vincentius-boekenbeurs\/\">\r\n\t\t\t\t\t\t<div class=\"image-wrapper\">\r\n\t\t\t\t\t\t\t\t\t\t\t\t\t<img decoding=\"async\" src=\"https:\/\/www.soroptimist.nl\/de-meierij\/wp-content\/uploads\/sites\/99\/2026\/02\/20260221_212331626_iOS.png\" alt=\"\" \/>\r\n\t\t\t\t\t\t\t\t\t\t\t\t<div class=\"title\">\r\n\t\t\t\t\t\t\t\t<span>Vincentius Boekenbeurs<\/span>\r\n\t\t\t\t\t\t\t\t<ul class=\"post-taxonomies product-single\"><\/ul>\t\t\t\t\t\t\t<\/div>\r\n\t\t\t\t\t\t<\/div>\r\n\t\t\t\t\t\t<div class=\"item-read-more read-more\">\r\n\t\t\t\t\t\t\tBekijken\r\n\t\t\t\t\t\t\t<div class=\"arrow\">\r\n\t\t\t\t\t\t\t\t<i class=\"fas fa-chevron-right\"><\/i>\r\n\t\t\t\t\t\t\t<\/div>\r\n\t\t\t\t\t\t<\/div>\r\n\t\t\t\t\t<\/a>\r\n\r\n\t\t\t\t\t\t\t\t\t<\/div>\r\n\t\t\t\t\t\t\t\t<div class=\"col-12 col-sm-6 col-md-3\">\r\n\t\t\t\t\t<a class=\"item-wrapper\" href=\"https:\/\/www.soroptimist.nl\/de-meierij\/news-local\/in-memoriam-2\/\">\r\n\t\t\t\t\t\t<div class=\"image-wrapper\">\r\n\t\t\t\t\t\t\t\t\t\t\t\t\t<img decoding=\"async\" src=\"https:\/\/www.soroptimist.nl\/de-meierij\/wp-content\/uploads\/sites\/99\/2026\/01\/IMG_1828-Copy.jpg\" alt=\"\" \/>\r\n\t\t\t\t\t\t\t\t\t\t\t\t<div class=\"title\">\r\n\t\t\t\t\t\t\t\t<span>In Memoriam<\/span>\r\n\t\t\t\t\t\t\t\t<ul class=\"post-taxonomies product-single\"><\/ul>\t\t\t\t\t\t\t<\/div>\r\n\t\t\t\t\t\t<\/div>\r\n\t\t\t\t\t\t<div class=\"item-read-more read-more\">\r\n\t\t\t\t\t\t\tBekijken\r\n\t\t\t\t\t\t\t<div class=\"arrow\">\r\n\t\t\t\t\t\t\t\t<i class=\"fas fa-chevron-right\"><\/i>\r\n\t\t\t\t\t\t\t<\/div>\r\n\t\t\t\t\t\t<\/div>\r\n\t\t\t\t\t<\/a>\r\n\r\n\t\t\t\t\t\t\t\t\t<\/div>\r\n\t\t\t\t\t\t\t\t<div class=\"col-12 col-sm-6 col-md-3\">\r\n\t\t\t\t\t<a class=\"item-wrapper\" href=\"https:\/\/www.soroptimist.nl\/de-meierij\/news-local\/beauty-middag-voor-quiet-leden\/\">\r\n\t\t\t\t\t\t<div class=\"image-wrapper\">\r\n\t\t\t\t\t\t\t\t\t\t\t\t\t<img decoding=\"async\" src=\"https:\/\/www.soroptimist.nl\/de-meierij\/wp-content\/uploads\/sites\/99\/2025\/12\/IMG_6152.jpg\" alt=\"\" \/>\r\n\t\t\t\t\t\t\t\t\t\t\t\t<div class=\"title\">\r\n\t\t\t\t\t\t\t\t<span>Beauty-middag voor Quiet-leden<\/span>\r\n\t\t\t\t\t\t\t\t<ul class=\"post-taxonomies product-single\"><\/ul>\t\t\t\t\t\t\t<\/div>\r\n\t\t\t\t\t\t<\/div>\r\n\t\t\t\t\t\t<div class=\"item-read-more read-more\">\r\n\t\t\t\t\t\t\tBekijken\r\n\t\t\t\t\t\t\t<div class=\"arrow\">\r\n\t\t\t\t\t\t\t\t<i class=\"fas fa-chevron-right\"><\/i>\r\n\t\t\t\t\t\t\t<\/div>\r\n\t\t\t\t\t\t<\/div>\r\n\t\t\t\t\t<\/a>\r\n\r\n\t\t\t\t\t\t\t\t\t<\/div>\r\n\t\t\t\t\t\t\t\t<div class=\"col-12 col-sm-6 col-md-3\">\r\n\t\t\t\t\t<a class=\"item-wrapper\" href=\"https:\/\/www.soroptimist.nl\/de-meierij\/news-local\/den-bosch-kleurt-oranje\/\">\r\n\t\t\t\t\t\t<div class=\"image-wrapper\">\r\n\t\t\t\t\t\t\t\t\t\t\t\t\t<img decoding=\"async\" src=\"https:\/\/www.soroptimist.nl\/de-meierij\/wp-content\/uploads\/sites\/99\/2025\/11\/DenBoschKleurtOranje3-scaled.jpg\" alt=\"\" \/>\r\n\t\t\t\t\t\t\t\t\t\t\t\t<div class=\"title\">\r\n\t\t\t\t\t\t\t\t<span>Den Bosch kleurt oranje<\/span>\r\n\t\t\t\t\t\t\t\t<ul class=\"post-taxonomies product-single\"><\/ul>\t\t\t\t\t\t\t<\/div>\r\n\t\t\t\t\t\t<\/div>\r\n\t\t\t\t\t\t<div class=\"item-read-more read-more\">\r\n\t\t\t\t\t\t\tBekijken\r\n\t\t\t\t\t\t\t<div class=\"arrow\">\r\n\t\t\t\t\t\t\t\t<i class=\"fas fa-chevron-right\"><\/i>\r\n\t\t\t\t\t\t\t<\/div>\r\n\t\t\t\t\t\t<\/div>\r\n\t\t\t\t\t<\/a>\r\n\r\n\t\t\t\t\t\t\t\t\t<\/div>\r\n\t\t\t\t\t\t<\/div>\r\n\t<\/div>\r\n<\/section>\r\n","protected":false},"excerpt":{"rendered":"","protected":false},"author":2,"featured_media":0,"parent":0,"menu_order":0,"comment_status":"closed","ping_status":"closed","template":"","meta":{"_acf_changed":false,"inline_featured_image":false,"_coblocks_attr":"","_coblocks_dimensions":"","_coblocks_responsive_height":"","_coblocks_accordion_ie_support":"","footnotes":""},"class_list":["post-5","page","type-page","status-publish","hentry"],"acf":[],"_links":{"self":[{"href":"https:\/\/www.soroptimist.nl\/de-meierij\/wp-json\/wp\/v2\/pages\/5","targetHints":{"allow":["GET"]}}],"collection":[{"href":"https:\/\/www.soroptimist.nl\/de-meierij\/wp-json\/wp\/v2\/pages"}],"about":[{"href":"https:\/\/www.soroptimist.nl\/de-meierij\/wp-json\/wp\/v2\/types\/page"}],"author":[{"embeddable":true,"href":"https:\/\/www.soroptimist.nl\/de-meierij\/wp-json\/wp\/v2\/users\/2"}],"replies":[{"embeddable":true,"href":"https:\/\/www.soroptimist.nl\/de-meierij\/wp-json\/wp\/v2\/comments?post=5"}],"version-history":[{"count":166,"href":"https:\/\/www.soroptimist.nl\/de-meierij\/wp-json\/wp\/v2\/pages\/5\/revisions"}],"predecessor-version":[{"id":663,"href":"https:\/\/www.soroptimist.nl\/de-meierij\/wp-json\/wp\/v2\/pages\/5\/revisions\/663"}],"wp:attachment":[{"href":"https:\/\/www.soroptimist.nl\/de-meierij\/wp-json\/wp\/v2\/media?parent=5"}],"curies":[{"name":"wp","href":"https:\/\/api.w.org\/{rel}","templated":true}]}}